{"id":261,"date":"2024-04-21T10:57:23","date_gmt":"2024-04-21T08:57:23","guid":{"rendered":"https:\/\/kaligrafia.amu.edu.pl\/?page_id=261"},"modified":"2024-04-25T21:21:08","modified_gmt":"2024-04-25T19:21:08","slug":"12-2","status":"publish","type":"page","link":"https:\/\/kaligrafia.amu.edu.pl\/?page_id=261","title":{"rendered":"Pr\u00f3\u017cne odwiedziny w ogrodzie"},"content":{"rendered":"\n<p class=\"has-medium-font-size\">Kaligrafia autorstwa\u00a0<strong>Peng Hua \u5f6d\u534e<\/strong>\u00a0ze Stowarzyszenia K\u00f3\u0142 Literackich i Artystycznych Miasta Xinyu, wykonana w\u00a0<a href=\"https:\/\/kaligrafia.amu.edu.pl\/?page_id=13#biezacepismo\">pi\u015bmie bie\u017c\u0105cym<\/a>\u00a0i z tekstem wiersza <a href=\"https:\/\/kaligrafia.amu.edu.pl\/?page_id=656\/#yeshaoweng\">Ye Shaoweng<\/a> (1100-1151) pt.\u00a0<em>Pr\u00f3\u017cne odwiedziny w ogrodzie\u00a0<\/em>\u6e38\u56ed\u4e0d\u503c.<\/p>\n\n\n\n<p>Przek\u0142ad wiersza na j\u0119zyk polski zosta\u0142 opracowany przez Milen\u0119 \u015awiebod\u0119, studentk\u0119 II roku studi\u00f3w magisterskich Sinologii UAM.<\/p>\n\n\n<div class=\"wp-block-image\">\n<figure class=\"alignleft size-full\"><img loading=\"lazy\" decoding=\"async\" width=\"200\" height=\"400\" src=\"https:\/\/kaligrafia.amu.edu.pl\/wp-content\/uploads\/2024\/04\/12-2.jpg\" alt=\"\" class=\"wp-image-410\" srcset=\"https:\/\/kaligrafia.amu.edu.pl\/wp-content\/uploads\/2024\/04\/12-2.jpg 200w, https:\/\/kaligrafia.amu.edu.pl\/wp-content\/uploads\/2024\/04\/12-2-150x300.jpg 150w\" sizes=\"auto, (max-width: 200px) 100vw, 200px\" \/><\/figure>\n<\/div>\n\n\n<p>Tekst oryginalny:<br>\u5e94\u601c\u5c50\u9f7f\u5370\u82cd\u82d4\uff0c\u5c0f\u6263\u67f4\u6249\u4e45\u4e0d\u5f00\u3002\u6625\u8272\u6ee1\u56ed\u5173\u4e0d\u4f4f\uff0c \u4e00\u679d\u7ea2\u674f\u51fa\u5899\u6765\u3002<br>T\u0142umaczenie:<br>Op\u0142akuj\u0119 \u015blady but\u00f3w w zielonym mchu,<br>Gdy daremnie pukam w wiklinowe drzwi,<br>Wiosennych barw nie spos\u00f3b zatrzyma\u0107 w ogrodzie,<br>Zza \u017cywop\u0142otu wy\u0142ania si\u0119 ga\u0142\u0105\u017a czerwonej \u015bliwy.<\/p>\n","protected":false},"excerpt":{"rendered":"<p>Kaligrafia autorstwa\u00a0Peng Hua \u5f6d\u534e\u00a0ze Stowarzyszenia K\u00f3\u0142 Literackich i Artystycznych Miasta Xinyu, wykonana w\u00a0pi\u015bmie bie\u017c\u0105cym\u00a0i z tekstem wiersza Ye Shaoweng (1100-1151) pt.\u00a0Pr\u00f3\u017cne odwiedziny w ogrodzie\u00a0\u6e38\u56ed\u4e0d\u503c. Przek\u0142ad wiersza na j\u0119zyk polski zosta\u0142 opracowany przez Milen\u0119 \u015awiebod\u0119, studentk\u0119 II roku studi\u00f3w magisterskich Sinologii UAM. Tekst oryginalny:\u5e94\u601c\u5c50\u9f7f\u5370\u82cd\u82d4\uff0c\u5c0f\u6263\u67f4\u6249\u4e45\u4e0d\u5f00\u3002\u6625\u8272\u6ee1\u56ed\u5173\u4e0d\u4f4f\uff0c \u4e00\u679d\u7ea2\u674f\u51fa\u5899\u6765\u3002T\u0142umaczenie:Op\u0142akuj\u0119 \u015blady but\u00f3w w zielonym mchu,Gdy daremnie pukam w wiklinowe drzwi,Wiosennych barw &hellip; <a href=\"https:\/\/kaligrafia.amu.edu.pl\/?page_id=261\" class=\"more-link\">Czytaj dalej <span class=\"screen-reader-text\">Pr\u00f3\u017cne odwiedziny w ogrodzie<\/span><\/a><\/p>\n","protected":false},"author":1,"featured_media":0,"parent":0,"menu_order":0,"comment_status":"closed","ping_status":"closed","template":"","meta":{"footnotes":""},"class_list":["post-261","page","type-page","status-publish","hentry"],"_links":{"self":[{"href":"https:\/\/kaligrafia.amu.edu.pl\/index.php?rest_route=\/wp\/v2\/pages\/261","targetHints":{"allow":["GET"]}}],"collection":[{"href":"https:\/\/kaligrafia.amu.edu.pl\/index.php?rest_route=\/wp\/v2\/pages"}],"about":[{"href":"https:\/\/kaligrafia.amu.edu.pl\/index.php?rest_route=\/wp\/v2\/types\/page"}],"author":[{"embeddable":true,"href":"https:\/\/kaligrafia.amu.edu.pl\/index.php?rest_route=\/wp\/v2\/users\/1"}],"replies":[{"embeddable":true,"href":"https:\/\/kaligrafia.amu.edu.pl\/index.php?rest_route=%2Fwp%2Fv2%2Fcomments&post=261"}],"version-history":[{"count":5,"href":"https:\/\/kaligrafia.amu.edu.pl\/index.php?rest_route=\/wp\/v2\/pages\/261\/revisions"}],"predecessor-version":[{"id":695,"href":"https:\/\/kaligrafia.amu.edu.pl\/index.php?rest_route=\/wp\/v2\/pages\/261\/revisions\/695"}],"wp:attachment":[{"href":"https:\/\/kaligrafia.amu.edu.pl\/index.php?rest_route=%2Fwp%2Fv2%2Fmedia&parent=261"}],"curies":[{"name":"wp","href":"https:\/\/api.w.org\/{rel}","templated":true}]}}