{"id":132,"date":"2024-04-20T14:27:55","date_gmt":"2024-04-20T12:27:55","guid":{"rendered":"https:\/\/kaligrafia.amu.edu.pl\/?page_id=132"},"modified":"2024-05-04T12:08:10","modified_gmt":"2024-05-04T10:08:10","slug":"xiangqi","status":"publish","type":"page","link":"https:\/\/kaligrafia.amu.edu.pl\/?page_id=132","title":{"rendered":"Chi\u0144skie szachy"},"content":{"rendered":"\n<p>Ci, kt\u00f3rych nudz\u0105 znane im gry planszowe, mogli spr\u00f3bowa\u0107 chi\u0144skich szach\u00f3w, czyli <em>xiangqi<\/em>. Dzieje si\u0119 tam o wiele wi\u0119cej ni\u017c na szachowej planszy, kt\u00f3r\u0105 znamy z zachodniego odpowiednika gry. P\u0142yn\u0105ca przez \u015brodek rzeka Chu, nieprzebyta dla s\u0142oni, innym figurom nadaje dodatkowe moce. Kr\u00f3l, wraz z nieodst\u0119puj\u0105cymi go o krok doradcami, zamkni\u0119ty jest w pa\u0142acu. Na dalekie dystanse mo\u017cemy razi\u0107 dzia\u0142ami \u2013 to w ko\u0144cu w Chinach wynaleziono proch. S\u0105 te\u017c znane nam figury, jak ko\u0144 czy wie\u017ca, co u\u0142atwia opanowanie gry osobom znaj\u0105cym podstawy szach\u00f3w. Gr\u0119 w <em>xiangqi<\/em> mo\u017cna rozpatrywa\u0107 nie tylko w ramach osobistego wyzwania, ale tak\u017ce w kontek\u015bcie g\u0142\u0119bszego zrozumienia chi\u0144skiej kultury strategicznej.<\/p>\n","protected":false},"excerpt":{"rendered":"<p>Ci, kt\u00f3rych nudz\u0105 znane im gry planszowe, mogli spr\u00f3bowa\u0107 chi\u0144skich szach\u00f3w, czyli xiangqi. Dzieje si\u0119 tam o wiele wi\u0119cej ni\u017c na szachowej planszy, kt\u00f3r\u0105 znamy z zachodniego odpowiednika gry. P\u0142yn\u0105ca przez \u015brodek rzeka Chu, nieprzebyta dla s\u0142oni, innym figurom nadaje dodatkowe moce. Kr\u00f3l, wraz z nieodst\u0119puj\u0105cymi go o krok doradcami, zamkni\u0119ty jest w pa\u0142acu. Na &hellip; <a href=\"https:\/\/kaligrafia.amu.edu.pl\/?page_id=132\" class=\"more-link\">Czytaj dalej <span class=\"screen-reader-text\">Chi\u0144skie szachy<\/span><\/a><\/p>\n","protected":false},"author":1,"featured_media":0,"parent":0,"menu_order":0,"comment_status":"closed","ping_status":"closed","template":"","meta":{"footnotes":""},"class_list":["post-132","page","type-page","status-publish","hentry"],"_links":{"self":[{"href":"https:\/\/kaligrafia.amu.edu.pl\/index.php?rest_route=\/wp\/v2\/pages\/132","targetHints":{"allow":["GET"]}}],"collection":[{"href":"https:\/\/kaligrafia.amu.edu.pl\/index.php?rest_route=\/wp\/v2\/pages"}],"about":[{"href":"https:\/\/kaligrafia.amu.edu.pl\/index.php?rest_route=\/wp\/v2\/types\/page"}],"author":[{"embeddable":true,"href":"https:\/\/kaligrafia.amu.edu.pl\/index.php?rest_route=\/wp\/v2\/users\/1"}],"replies":[{"embeddable":true,"href":"https:\/\/kaligrafia.amu.edu.pl\/index.php?rest_route=%2Fwp%2Fv2%2Fcomments&post=132"}],"version-history":[{"count":5,"href":"https:\/\/kaligrafia.amu.edu.pl\/index.php?rest_route=\/wp\/v2\/pages\/132\/revisions"}],"predecessor-version":[{"id":753,"href":"https:\/\/kaligrafia.amu.edu.pl\/index.php?rest_route=\/wp\/v2\/pages\/132\/revisions\/753"}],"wp:attachment":[{"href":"https:\/\/kaligrafia.amu.edu.pl\/index.php?rest_route=%2Fwp%2Fv2%2Fmedia&parent=132"}],"curies":[{"name":"wp","href":"https:\/\/api.w.org\/{rel}","templated":true}]}}