{"id":125,"date":"2024-04-18T10:33:40","date_gmt":"2024-04-18T08:33:40","guid":{"rendered":"https:\/\/kaligrafia.amu.edu.pl\/?page_id=125"},"modified":"2024-05-04T11:55:00","modified_gmt":"2024-05-04T09:55:00","slug":"hanfu","status":"publish","type":"page","link":"https:\/\/kaligrafia.amu.edu.pl\/?page_id=125","title":{"rendered":"Hanfu"},"content":{"rendered":"\n<p style=\"font-size:21px\"><strong>Prelekcja:&nbsp;Nie tylko <em>qipao<\/em> &#8211; kr\u00f3tka historia chi\u0144skich stroj\u00f3w<\/strong><\/p>\n\n\n\n<p>Co noszono i jak noszono w Chinach? Jakie nakrycie g\u0142owy przystoi cesarskiemu urz\u0119dnikowi? Czy chi\u0144skie damy odnalaz\u0142yby si\u0119 na wsp\u00f3\u0142czesnej scenie makija\u017cowej? Czy Chi\u0144czycy wymy\u015blili najlepszy spos\u00f3b na nieprzydeptywanie d\u0142ugich szat? S\u0142uchacze prelekcji mieli okazj\u0119 pozna\u0107 odpowiedzi na te pytania i przyjrze\u0107 si\u0119 kilkutysi\u0105cletniej historii <em>hanfu<\/em> (tradycyjne ubiory Chi\u0144czyk\u00f3w Han) &#8211; zmieniaj\u0105cym si\u0119 przez dynastie trendom modowym, najpopularniejszym krojom oraz niezb\u0119dnym dodatkom.<\/p>\n\n\n\n<h2 class=\"wp-block-heading\" style=\"font-size:21px\">Warsztaty: Chi\u0144ska moda w pi\u0119ciu krojach<\/h2>\n\n\n\n<p>Podczas warsztat\u00f3w zaprezentowano wygl\u0105d, spos\u00f3b zak\u0142adania i noszenia tradycyjnych chi\u0144skich stroj\u00f3w (<em>ruqun<\/em>, <em>quju<\/em>, <em>yuanlingpao<\/em>, <em>daopao<\/em>, <em>qipao<\/em>) z r\u00f3\u017cnych okres\u00f3w historycznych oraz towarzysz\u0105cych im akcesori\u00f3w.  Uczestnicy mogli przymierzy\u0107 wybrany str\u00f3j oraz odby\u0107 w nim kr\u00f3tk\u0105 sesj\u0119 zdj\u0119ciow\u0105!<\/p>\n","protected":false},"excerpt":{"rendered":"<p>Prelekcja:&nbsp;Nie tylko qipao &#8211; kr\u00f3tka historia chi\u0144skich stroj\u00f3w Co noszono i jak noszono w Chinach? Jakie nakrycie g\u0142owy przystoi cesarskiemu urz\u0119dnikowi? Czy chi\u0144skie damy odnalaz\u0142yby si\u0119 na wsp\u00f3\u0142czesnej scenie makija\u017cowej? Czy Chi\u0144czycy wymy\u015blili najlepszy spos\u00f3b na nieprzydeptywanie d\u0142ugich szat? S\u0142uchacze prelekcji mieli okazj\u0119 pozna\u0107 odpowiedzi na te pytania i przyjrze\u0107 si\u0119 kilkutysi\u0105cletniej historii hanfu (tradycyjne &hellip; <a href=\"https:\/\/kaligrafia.amu.edu.pl\/?page_id=125\" class=\"more-link\">Czytaj dalej <span class=\"screen-reader-text\">Hanfu<\/span><\/a><\/p>\n","protected":false},"author":1,"featured_media":0,"parent":0,"menu_order":0,"comment_status":"closed","ping_status":"closed","template":"","meta":{"footnotes":""},"class_list":["post-125","page","type-page","status-publish","hentry"],"_links":{"self":[{"href":"https:\/\/kaligrafia.amu.edu.pl\/index.php?rest_route=\/wp\/v2\/pages\/125","targetHints":{"allow":["GET"]}}],"collection":[{"href":"https:\/\/kaligrafia.amu.edu.pl\/index.php?rest_route=\/wp\/v2\/pages"}],"about":[{"href":"https:\/\/kaligrafia.amu.edu.pl\/index.php?rest_route=\/wp\/v2\/types\/page"}],"author":[{"embeddable":true,"href":"https:\/\/kaligrafia.amu.edu.pl\/index.php?rest_route=\/wp\/v2\/users\/1"}],"replies":[{"embeddable":true,"href":"https:\/\/kaligrafia.amu.edu.pl\/index.php?rest_route=%2Fwp%2Fv2%2Fcomments&post=125"}],"version-history":[{"count":5,"href":"https:\/\/kaligrafia.amu.edu.pl\/index.php?rest_route=\/wp\/v2\/pages\/125\/revisions"}],"predecessor-version":[{"id":745,"href":"https:\/\/kaligrafia.amu.edu.pl\/index.php?rest_route=\/wp\/v2\/pages\/125\/revisions\/745"}],"wp:attachment":[{"href":"https:\/\/kaligrafia.amu.edu.pl\/index.php?rest_route=%2Fwp%2Fv2%2Fmedia&parent=125"}],"curies":[{"name":"wp","href":"https:\/\/api.w.org\/{rel}","templated":true}]}}